{"id":1954,"date":"2012-02-24T16:18:14","date_gmt":"2012-02-24T16:18:14","guid":{"rendered":"http:\/\/hydraulics.unibs.it\/hydraulics\/?page_id=1954"},"modified":"2021-03-10T14:31:43","modified_gmt":"2021-03-10T14:31:43","slug":"sicurezzaidraulica","status":"publish","type":"page","link":"https:\/\/hydraulics.unibs.it\/hydraulics\/attivita-scientifica\/sicurezzaidraulica\/","title":{"rendered":"La sicurezza idraulica del territorio"},"content":{"rendered":"<p><em><strong>La sicurezza idraulica del territorio<\/strong><\/em><\/p>\n<p>In un territorio montano caratterizzato dalla presenza di un elevatissimo numero di invasi ad uso idroelettrico, alcuni ormai centenari, e nel contempo da fortissima antropizzazione, il problema della sicurezza idraulica \u00e8 prioritario. La verifica del livello di esposizione agli effetti di una alluvione, sia essa naturale o conseguente ad un incidente ad una diga, \u00e8 quindi un importante ambito di ricerca idraulica, che \u00e8 stato esplorato con particolare riferimento alla individuazione delle metodologie pi\u00f9 adeguate per la modellazione matematica di un tale evento.<\/p>\n<ul>\n<li><a href=\"?page_id=891\"><em>Il crollo della diga del Gleno: caso di studio e sua modellazione numerica<\/em><\/a><\/li>\n<\/ul>\n<p>e con riferimento alla individuazione di metodi semplificati per la quantificazione dell&#8217;idrogrammi conseguenti al collasso di uno sbarramento.<\/p>\n<ul>\n<li><a href=\"?page_id=866\"><em>Una metodologia operativa per la caratterizzazione dell\u2019idrogramma conseguente al crollo parziale di uno sbarramento di ritenuta<\/em><\/a><\/li>\n<\/ul>\n<p>Recentemente, il possibile collasso di una frana lungo le sponde del lago d&#8217;Iseo apre nuove prospettive, come brevemente mostrato nella pagina seguente<\/p>\n<ul>\n<li><a href=\" https:\/\/hydraulics.unibs.it\/hydraulics\/onde-crollo-frana\/\"><em>Propagazione semplificata del moto ondoso conseguente al crollo impulsivo di una frana<\/em><\/a><\/li>\n<\/ul>\n","protected":false},"excerpt":{"rendered":"<p>La sicurezza idraulica del territorio In un territorio montano caratterizzato dalla presenza di un elevatissimo numero di invasi ad uso idroelettrico, alcuni ormai centenari, e nel contempo da fortissima antropizzazione, il problema della sicurezza idraulica \u00e8 prioritario. La verifica del livello di esposizione agli effetti di una alluvione, sia essa naturale o conseguente ad un incidente ad una diga, \u00e8 quindi un importante ambito di ricerca idraulica, che \u00e8 stato esplorato con particolare riferimento alla individuazione delle metodologie pi\u00f9 adeguate&#8230;<\/p>\n<p class=\"read-more\"><a class=\"btn btn-default\" href=\"https:\/\/hydraulics.unibs.it\/hydraulics\/attivita-scientifica\/sicurezzaidraulica\/\">Leggi tutto<span class=\"screen-reader-text\"> Leggi tutto<\/span><\/a><\/p>\n","protected":false},"author":1,"featured_media":0,"parent":38,"menu_order":0,"comment_status":"closed","ping_status":"closed","template":"","meta":{"_bbp_topic_count":0,"_bbp_reply_count":0,"_bbp_total_topic_count":0,"_bbp_total_reply_count":0,"_bbp_voice_count":0,"_bbp_anonymous_reply_count":0,"_bbp_topic_count_hidden":0,"_bbp_reply_count_hidden":0,"_bbp_forum_subforum_count":0,"_exactmetrics_skip_tracking":false,"_exactmetrics_sitenote_active":false,"_exactmetrics_sitenote_note":"","_exactmetrics_sitenote_category":0,"_monsterinsights_skip_tracking":false,"_monsterinsights_sitenote_active":false,"_monsterinsights_sitenote_note":"","_monsterinsights_sitenote_category":0,"footnotes":""},"class_list":["post-1954","page","type-page","status-publish","hentry"],"_links":{"self":[{"href":"https:\/\/hydraulics.unibs.it\/hydraulics\/wp-json\/wp\/v2\/pages\/1954","targetHints":{"allow":["GET"]}}],"collection":[{"href":"https:\/\/hydraulics.unibs.it\/hydraulics\/wp-json\/wp\/v2\/pages"}],"about":[{"href":"https:\/\/hydraulics.unibs.it\/hydraulics\/wp-json\/wp\/v2\/types\/page"}],"author":[{"embeddable":true,"href":"https:\/\/hydraulics.unibs.it\/hydraulics\/wp-json\/wp\/v2\/users\/1"}],"replies":[{"embeddable":true,"href":"https:\/\/hydraulics.unibs.it\/hydraulics\/wp-json\/wp\/v2\/comments?post=1954"}],"version-history":[{"count":26,"href":"https:\/\/hydraulics.unibs.it\/hydraulics\/wp-json\/wp\/v2\/pages\/1954\/revisions"}],"predecessor-version":[{"id":5016,"href":"https:\/\/hydraulics.unibs.it\/hydraulics\/wp-json\/wp\/v2\/pages\/1954\/revisions\/5016"}],"up":[{"embeddable":true,"href":"https:\/\/hydraulics.unibs.it\/hydraulics\/wp-json\/wp\/v2\/pages\/38"}],"wp:attachment":[{"href":"https:\/\/hydraulics.unibs.it\/hydraulics\/wp-json\/wp\/v2\/media?parent=1954"}],"curies":[{"name":"wp","href":"https:\/\/api.w.org\/{rel}","templated":true}]}}