{"id":4714,"date":"2019-09-24T08:07:38","date_gmt":"2019-09-24T08:07:38","guid":{"rendered":"http:\/\/hydraulics.unibs.it\/hydraulics\/?page_id=4714"},"modified":"2022-12-09T10:08:19","modified_gmt":"2022-12-09T10:08:19","slug":"stazione-limnologica-di-manerba","status":"publish","type":"page","link":"https:\/\/hydraulics.unibs.it\/hydraulics\/stazione-limnologica-di-manerba\/","title":{"rendered":"Stazione limnologica di Manerba"},"content":{"rendered":"<p>Il 20\/09\/2019 \u00e8 stata installata la stazione limnologica galleggiante di fronte alla Rocca di Manerba in un punto profondo 100 m. La realizzazione ed installazione della stazione \u00e8 stata possibile grazie ad un finanziamento dell&#8217;Autorit\u00e0 di Bacino dei Laghi di Garda e Idro.<\/p>\n<p>SPECIFICHE TECNICHE<\/p>\n<ul>\n<li>Stazione galleggiante zavorrata a 100 m di profondit\u00e0 di fronte alla Rocca di Manerba: coordinate N 45.564689 E 10.5778528<\/li>\n<li>Frequenza di campionamento: 1\/1min<\/li>\n<li>Frequenza di invio dati : 1\/30min<\/li>\n<li>Data installazione: 20\/09\/2019<\/li>\n<li>Parametri misurati: velocit\u00e0 e direzione del vento, radiazione totale netta,\u00a0 temperatura dell\u2019acqua in 16 punti (-0.25, -0.5, -0.75, -3, -5.5, -8, -10.5, -13, -18, -23, -28, -33, -59, -69,\u00a0 -84, -99 m), ossigeno a &#8211; 99 m<\/li>\n<li>Strumentazione installata e relativa precisione: datalogger Campbell Scientific, sensore combinato velocit\u00e0 e direzione del vento Young Wind Monitor 05101 (prec: +- 3\u00b0; +-0.3 m\/s), catena di termistori PME (prec: +- 0.01\u00b0C), radiometro netto Kipp&amp;Zonen NR-LITE (range: 0.2 to 100 \u03bcm, prec: +- 5%), termo-igrometro Campbell 107 (prec: +- 3\u00b0 ).<\/li>\n<\/ul>\n<p><a href=\"http:\/\/hydraulics.unibs.it\/hydraulics\/wp-content\/uploads\/2019\/09\/IMG-20190921-WA0012_bis.jpg\" data-rel=\"lightbox-image-0\" data-rl_title=\"\" data-rl_caption=\"\" title=\"\"><img loading=\"lazy\" decoding=\"async\" class=\"wp-image-4719 aligncenter\" src=\"http:\/\/hydraulics.unibs.it\/hydraulics\/wp-content\/uploads\/2019\/09\/IMG-20190921-WA0012_bis.jpg\" alt=\"\" width=\"621\" height=\"306\" srcset=\"https:\/\/hydraulics.unibs.it\/hydraulics\/wp-content\/uploads\/2019\/09\/IMG-20190921-WA0012_bis.jpg 1594w, https:\/\/hydraulics.unibs.it\/hydraulics\/wp-content\/uploads\/2019\/09\/IMG-20190921-WA0012_bis-300x148.jpg 300w, https:\/\/hydraulics.unibs.it\/hydraulics\/wp-content\/uploads\/2019\/09\/IMG-20190921-WA0012_bis-768x378.jpg 768w, https:\/\/hydraulics.unibs.it\/hydraulics\/wp-content\/uploads\/2019\/09\/IMG-20190921-WA0012_bis-1024x504.jpg 1024w, https:\/\/hydraulics.unibs.it\/hydraulics\/wp-content\/uploads\/2019\/09\/IMG-20190921-WA0012_bis-548x270.jpg 548w\" sizes=\"auto, (max-width: 621px) 100vw, 621px\" \/><\/a><\/p>\n<p>Il 20\/09\/2019 alle ore 15:25 \u00e8 stato effettuato mediante una sonda multiparametrica un profilo verticale di temperatura, conducibilit\u00e0 ed ossigeno disciolto da confrontare con i dati misurati dalla stazione. Nel seguito si riporta il confronto fra i profili misurati.<\/p>\n<p><a href=\"http:\/\/hydraulics.unibs.it\/hydraulics\/wp-content\/uploads\/2019\/09\/Confronto_profilo_23sett19_b.tif\"><img decoding=\"async\" class=\"alignnone size-full wp-image-4724\" src=\"http:\/\/hydraulics.unibs.it\/hydraulics\/wp-content\/uploads\/2019\/09\/Confronto_profilo_23sett19_b.tif\" alt=\"\" \/><\/a><a href=\"http:\/\/hydraulics.unibs.it\/hydraulics\/wp-content\/uploads\/2019\/09\/Confronto_profilo_23sett19_b.tif\"><img decoding=\"async\" class=\"alignnone size-full wp-image-4724\" src=\"http:\/\/hydraulics.unibs.it\/hydraulics\/wp-content\/uploads\/2019\/09\/Confronto_profilo_23sett19_b.tif\" alt=\"\" \/><\/a><a href=\"http:\/\/hydraulics.unibs.it\/hydraulics\/wp-content\/uploads\/2019\/09\/Confronto_profilo_23sett19.tif\"><img decoding=\"async\" class=\"alignnone size-full wp-image-4729\" src=\"http:\/\/hydraulics.unibs.it\/hydraulics\/wp-content\/uploads\/2019\/09\/Confronto_profilo_23sett19.tif\" alt=\"\" \/><\/a><a href=\"http:\/\/hydraulics.unibs.it\/hydraulics\/wp-content\/uploads\/2019\/09\/Confronto_profilo_23sett19_b-1.jpg\" data-rel=\"lightbox-image-1\" data-rl_title=\"\" data-rl_caption=\"\" title=\"\"><img loading=\"lazy\" decoding=\"async\" class=\"alignnone size-full wp-image-4730\" src=\"http:\/\/hydraulics.unibs.it\/hydraulics\/wp-content\/uploads\/2019\/09\/Confronto_profilo_23sett19_b-1.jpg\" alt=\"\" width=\"2700\" height=\"1330\" srcset=\"https:\/\/hydraulics.unibs.it\/hydraulics\/wp-content\/uploads\/2019\/09\/Confronto_profilo_23sett19_b-1.jpg 2700w, https:\/\/hydraulics.unibs.it\/hydraulics\/wp-content\/uploads\/2019\/09\/Confronto_profilo_23sett19_b-1-300x148.jpg 300w, https:\/\/hydraulics.unibs.it\/hydraulics\/wp-content\/uploads\/2019\/09\/Confronto_profilo_23sett19_b-1-768x378.jpg 768w, https:\/\/hydraulics.unibs.it\/hydraulics\/wp-content\/uploads\/2019\/09\/Confronto_profilo_23sett19_b-1-1024x504.jpg 1024w, https:\/\/hydraulics.unibs.it\/hydraulics\/wp-content\/uploads\/2019\/09\/Confronto_profilo_23sett19_b-1-548x270.jpg 548w\" sizes=\"auto, (max-width: 2700px) 100vw, 2700px\" \/><\/a><\/p>\n<p>IMMAGINI RELATIVE ALLA FASE DI INSTALLAZIONE DELLA STAZIONE<\/p>\n<div id=\"metaslider-id-4674\" style=\"max-width: 700px;\" class=\"ml-slider-3-108-0 metaslider metaslider-flex metaslider-4674 ml-slider has-dots-nav ms-theme-simply-dark\" role=\"region\" aria-label=\"Garda\" data-height=\"600\" data-width=\"700\">\n    <div id=\"metaslider_container_4674\">\n        <div id=\"metaslider_4674\">\n            <ul class='slides'>\n                <li style=\"display: block; width: 100%;\" class=\"slide-4702 ms-image \" aria-roledescription=\"slide\" data-date=\"2019-09-23 13:56:37\" data-filename=\"IMG_20190920_153222-700x600.jpg\" data-slide-type=\"image\"><img loading=\"lazy\" decoding=\"async\" src=\"https:\/\/hydraulics.unibs.it\/hydraulics\/wp-content\/uploads\/2019\/09\/IMG_20190920_153222-700x600.jpg\" height=\"600\" width=\"700\" alt=\"\" class=\"slider-4674 slide-4702 msDefaultImage\" title=\"IMG_20190920_153222\" \/><\/li>\n                <li style=\"display: none; width: 100%;\" class=\"slide-4696 ms-image \" aria-roledescription=\"slide\" data-date=\"2019-09-23 13:56:36\" data-filename=\"IMG_20190905_185829-700x600.jpg\" data-slide-type=\"image\"><img loading=\"lazy\" decoding=\"async\" src=\"https:\/\/hydraulics.unibs.it\/hydraulics\/wp-content\/uploads\/2019\/09\/IMG_20190905_185829-700x600.jpg\" height=\"600\" width=\"700\" alt=\"\" class=\"slider-4674 slide-4696 msDefaultImage\" title=\"IMG_20190905_185829\" \/><\/li>\n                <li style=\"display: none; width: 100%;\" class=\"slide-4711 ms-image \" aria-roledescription=\"slide\" data-date=\"2019-09-23 14:10:28\" data-filename=\"IMG_20190905_190214-700x600.jpg\" data-slide-type=\"image\"><img loading=\"lazy\" decoding=\"async\" src=\"https:\/\/hydraulics.unibs.it\/hydraulics\/wp-content\/uploads\/2019\/09\/IMG_20190905_190214-700x600.jpg\" height=\"600\" width=\"700\" alt=\"\" class=\"slider-4674 slide-4711 msDefaultImage\" title=\"IMG_20190905_190214\" \/><\/li>\n                <li style=\"display: none; width: 100%;\" class=\"slide-4700 ms-image \" aria-roledescription=\"slide\" data-date=\"2019-09-23 13:56:36\" data-filename=\"IMG_20190920_150016-700x600.jpg\" data-slide-type=\"image\"><img loading=\"lazy\" decoding=\"async\" src=\"https:\/\/hydraulics.unibs.it\/hydraulics\/wp-content\/uploads\/2019\/09\/IMG_20190920_150016-700x600.jpg\" height=\"600\" width=\"700\" alt=\"\" class=\"slider-4674 slide-4700 msDefaultImage\" title=\"IMG_20190920_150016\" \/><\/li>\n                <li style=\"display: none; width: 100%;\" class=\"slide-4701 ms-image \" aria-roledescription=\"slide\" data-date=\"2019-09-23 13:56:36\" data-filename=\"IMG_20190920_153040-700x600.jpg\" data-slide-type=\"image\"><img loading=\"lazy\" decoding=\"async\" src=\"https:\/\/hydraulics.unibs.it\/hydraulics\/wp-content\/uploads\/2019\/09\/IMG_20190920_153040-700x600.jpg\" height=\"600\" width=\"700\" alt=\"\" class=\"slider-4674 slide-4701 msDefaultImage\" title=\"IMG_20190920_153040\" \/><\/li>\n                <li style=\"display: none; width: 100%;\" class=\"slide-4703 ms-image \" aria-roledescription=\"slide\" data-date=\"2019-09-23 13:56:37\" data-filename=\"IMG-20190921-WA0001-700x600.jpg\" data-slide-type=\"image\"><img loading=\"lazy\" decoding=\"async\" src=\"https:\/\/hydraulics.unibs.it\/hydraulics\/wp-content\/uploads\/2019\/09\/IMG-20190921-WA0001-700x600.jpg\" height=\"600\" width=\"700\" alt=\"\" class=\"slider-4674 slide-4703 msDefaultImage\" title=\"IMG-20190921-WA0001\" \/><\/li>\n                <li style=\"display: none; width: 100%;\" class=\"slide-4713 ms-image \" aria-roledescription=\"slide\" data-date=\"2019-09-23 14:15:43\" data-filename=\"IMG-20190921-WA0008-700x600.jpg\" data-slide-type=\"image\"><img loading=\"lazy\" decoding=\"async\" src=\"https:\/\/hydraulics.unibs.it\/hydraulics\/wp-content\/uploads\/2019\/09\/IMG-20190921-WA0008-700x600.jpg\" height=\"600\" width=\"700\" alt=\"\" class=\"slider-4674 slide-4713 msDefaultImage\" title=\"IMG-20190921-WA0008\" \/><\/li>\n                <li style=\"display: none; width: 100%;\" class=\"slide-4705 ms-image \" aria-roledescription=\"slide\" data-date=\"2019-09-23 13:56:37\" data-filename=\"IMG-20190921-WA0009-e1712089927556-700x600.jpg\" data-slide-type=\"image\"><img loading=\"lazy\" decoding=\"async\" src=\"https:\/\/hydraulics.unibs.it\/hydraulics\/wp-content\/uploads\/2019\/09\/IMG-20190921-WA0009-e1712089927556-700x600.jpg\" height=\"600\" width=\"700\" alt=\"\" class=\"slider-4674 slide-4705 msDefaultImage\" title=\"IMG-20190921-WA0009\" \/><\/li>\n            <\/ul>\n        <\/div>\n        \n    <\/div>\n<\/div>\n<p>&nbsp;<\/p>\n","protected":false},"excerpt":{"rendered":"<p>Il 20\/09\/2019 \u00e8 stata installata la stazione limnologica galleggiante di fronte alla Rocca di Manerba in un punto profondo 100 m. La realizzazione ed installazione della stazione \u00e8 stata possibile grazie ad un finanziamento dell&#8217;Autorit\u00e0 di Bacino dei Laghi di Garda e Idro. SPECIFICHE TECNICHE Stazione galleggiante zavorrata a 100 m di profondit\u00e0 di fronte alla Rocca di Manerba: coordinate N 45.564689 E 10.5778528 Frequenza di campionamento: 1\/1min Frequenza di invio dati : 1\/30min Data installazione: 20\/09\/2019 Parametri misurati: velocit\u00e0&#8230;<\/p>\n<p class=\"read-more\"><a class=\"btn btn-default\" href=\"https:\/\/hydraulics.unibs.it\/hydraulics\/stazione-limnologica-di-manerba\/\">Leggi tutto<span class=\"screen-reader-text\"> Leggi tutto<\/span><\/a><\/p>\n","protected":false},"author":1,"featured_media":0,"parent":0,"menu_order":0,"comment_status":"closed","ping_status":"closed","template":"","meta":{"_bbp_topic_count":0,"_bbp_reply_count":0,"_bbp_total_topic_count":0,"_bbp_total_reply_count":0,"_bbp_voice_count":0,"_bbp_anonymous_reply_count":0,"_bbp_topic_count_hidden":0,"_bbp_reply_count_hidden":0,"_bbp_forum_subforum_count":0,"_exactmetrics_skip_tracking":false,"_exactmetrics_sitenote_active":false,"_exactmetrics_sitenote_note":"","_exactmetrics_sitenote_category":0,"_monsterinsights_skip_tracking":false,"_monsterinsights_sitenote_active":false,"_monsterinsights_sitenote_note":"","_monsterinsights_sitenote_category":0,"footnotes":""},"class_list":["post-4714","page","type-page","status-publish","hentry"],"_links":{"self":[{"href":"https:\/\/hydraulics.unibs.it\/hydraulics\/wp-json\/wp\/v2\/pages\/4714","targetHints":{"allow":["GET"]}}],"collection":[{"href":"https:\/\/hydraulics.unibs.it\/hydraulics\/wp-json\/wp\/v2\/pages"}],"about":[{"href":"https:\/\/hydraulics.unibs.it\/hydraulics\/wp-json\/wp\/v2\/types\/page"}],"author":[{"embeddable":true,"href":"https:\/\/hydraulics.unibs.it\/hydraulics\/wp-json\/wp\/v2\/users\/1"}],"replies":[{"embeddable":true,"href":"https:\/\/hydraulics.unibs.it\/hydraulics\/wp-json\/wp\/v2\/comments?post=4714"}],"version-history":[{"count":13,"href":"https:\/\/hydraulics.unibs.it\/hydraulics\/wp-json\/wp\/v2\/pages\/4714\/revisions"}],"predecessor-version":[{"id":5942,"href":"https:\/\/hydraulics.unibs.it\/hydraulics\/wp-json\/wp\/v2\/pages\/4714\/revisions\/5942"}],"wp:attachment":[{"href":"https:\/\/hydraulics.unibs.it\/hydraulics\/wp-json\/wp\/v2\/media?parent=4714"}],"curies":[{"name":"wp","href":"https:\/\/api.w.org\/{rel}","templated":true}]}}